et z(s) = 4*s + 22. Let t be z(-5). Let r(m) = -13*m - 19 - 13*m - 11*m + 23*m + m**t. List the prime factors of r(19).
2, 19
Let o(s) = -s**3 - 2*s - 9. Let m be o(-3). Let z(v) = -v**2 + 2*v + 3. Let i be z(3). Suppose i = -2*k + m + 94. What are the prime factors of k?
59
Let t = -13 + 17. Let o be 30/t - 2*2/(-8). Let i(d) = -d**3 + 10*d**2 - 10*d + 10. What are the prime factors of i(o)?
2, 29
What are the prime factors of 9 - (-5 + (-75209 - -3))?
2, 5, 3761
Let c be -1*1*(-1 + 7 + -11). Suppose 3*q + c = 2, -2*r + 2*q = -2248. What are the prime factors of r?
1123
Suppose -t + 54*q + 11633 = 58*q, t - 3*q - 11619 = 0. List the prime factors of t.
3, 5, 31
Suppose -13*s = -2*s - 528. Suppose -624 - s = -3*l + 5*r, 4*l + 3*r - 896 = 0. What are the prime factors of l?
2, 7
Let v(g) = 3*g + 47. Let o be v(-14). Suppose h = -4*f + 132, 5*f - o*h = 10*f - 165. Suppose -f*c = -32*c - 2. List the prime factors of c.
2
Suppose -21*v + 552 = -19*v. Let d = -140 + v. Let i = d - 77. What are the prime factors of i?
59
Let k(p) = p**3 + 23*p**2 + 14*p - 9. Let n be k(-12). Let f = n + -822. What are the prime factors of f?
3, 5, 13
Let a be (-7)/((-7)/(-2))*-1 - 104. Let h = 110 + a. What are the prime factors of 7315/49 + h/(-28)?
149
Let x(g) = -69*g - 6. Suppose 3*v - 5 = -m - 1, 0 = -m - 4*v + 6. Let y be x(m). Suppose 0 = -2*h - 8, -6*r + 3*h = -4*r - y. List the prime factors of r.
2, 3, 5
Let j = 4 - 7. Let a be ((-12)/(-16)*-1)/(j/12). Suppose -a*d - 226 = -4*d. List the prime factors of d.
2, 113
Let g = 157 - 154. Suppose -30*a + 26*a - c = -2829, -a = g*c - 721. List the prime factors of a.
2, 353
Let n = -1 + 1. Let d be ((-36)/8)/((-12)/8). List the prime factors of d*(-268)/(-12) + n.
67
Let x(n) = -n**2 + 6*n + 3. Let a be x(7). Let s = 11 + a. Suppose 105 = -2*z + s*z. What are the prime factors of z?
3, 7
Suppose j = 3*u - 1174, -4*j = -u - u + 766. Suppose -1393 + u = 5*y. Let f = y + 298. List the prime factors of f.
2, 7
Let r(y) = y**2 - 22*y + 42. Let w be r(20). Suppose 0 = 5*l - x - 3278, -640 = l - w*l - 5*x. What are the prime factors of l?
5, 131
Let q(o) = -60*o - 97. Suppose 53*r = 55*r + 28. List the prime factors of q(r).
743
Let u = 26863 - 18754. What are the prime factors of u?
3, 17, 53
Let r be 6*(2 + (-6)/4). Suppose -6*s + r*s + 6 = 0. Suppose 0 = 5*i - i - s*a - 296, -i = 3*a - 67. What are the prime factors of i?
73
Let w = -62 - -200. Suppose 128*y = w*y - 110. List the prime factors of y.
11
Let z(g) = 382*g**3 - 38*g**2 - 4*g + 54. What are the prime factors of z(5)?
2, 23417
Suppose -5*l + 2*l - 3*q + 3039 = 0, -4*l + 4027 = -q. Let c = l - 603. List the prime factors of c.
3, 5
Let u be 15/(-2)*18720/50. List the prime factors of (-6)/15 + u/(-20).
2, 5, 7
List the prime factors of ((-2)/8*-158)/(5/(196 - 6)).
19, 79
Suppose 2*r = 2*o - r - 1187, 4*o - 2359 = r. Let k = 1157 - o. What are the prime factors of k?
2, 71
Let p(h) = -10*h**3. Let y(j) = -j**2 - 30*j - 83. Let o be y(-27). List the prime factors of p(o).
2, 5
Suppose 12669 = 4*d - 43103. Suppose -5*o + 9*v - 4*v = 13935, -d = 5*o + 3*v. What are the prime factors of (o/(-28) - 3) + (-3)/(-7)?
97
Let y(a) = 2*a**3 + 4*a**2 + 3*a - 3. Let b be y(-4). Let q(v) = 2*v**3 + 8*v**2 - 20*v - 148. Let k be q(-7). Let z = b - k. What are the prime factors of z?
223
List the prime factors of 11/(-121) + 841196/132*3.
2, 11, 79
Suppose -v + 185*h - 180*h = -20036, v - 2*h = 20048. List the prime factors of v.
2, 23, 109
Let b = -65 - -70. Suppose -3*j + 7 = 3*l - 5, -b*j - 4*l = -18. Suppose 0 = -j*h - 10, -h - 2*h + 810 = 5*m. List the prime factors of m.
3, 5, 11
Let l(x) = 10*x**2 + 2*x + 2. Let f be l(-3). Let o = f - 22. Let w = o - 32. What are the prime factors of w?
2
Let s(j) = j**2 - 8*j + 16. Let g be s(7). Suppose 4*w = 2*c - 72, 4*w = c - g - 35. List the prime factors of c.
2, 7
Let v(l) = -l**3 + l - 147. Let s = 40 - 40. Let c be v(s). Let o = -39 - c. List the prime factors of o.
2, 3
Let i be 6/(1/1)*(-175960)/(-159). List the prime factors of i/9 + (-12)/(-54).
2, 3, 41
Let f(g) = -g**3 - 7*g**2 - g + 4. Let q be f(-6). Suppose 10 = -231*z + 226*z, 5*p - 4*z + 67 = 0. Let o = p - q. What are the prime factors of o?
11
Let x = -42 - -36. Let l be (2 - 1)/((-3)/x). Suppose 9 = -3*h, l*f + 5*h - 123 = -0*f. What are the prime factors of f?
3, 23
Let w(f) = 124*f + 30*f - 525 + 165. What are the prime factors of w(8)?
2, 109
Let y(w) be the second derivative of 0 - 13*w - 3/2*w**2 + 2/3*w**4 + 11/6*w**3. List the prime factors of y(-5).
2, 71
Let w(i) = -498*i**3 + 8*i**2 + 39*i + 16. List the prime factors of w(-4).
2, 3, 5, 59
Suppose 5*d = 2*p - 2154, -1103 = -p - 5*d + d. Suppose -5*f - 2*r + 1822 = 0, 17*f - 5*r - p = 14*f. What are the prime factors of f?
2, 7, 13
Let r(m) = -5*m + 19. Let a(s) = -9*s + 38. Let d(h) = 4*a(h) - 7*r(h). Let c be d(3). What are the prime factors of (10/4)/(c/800)?
5
Let w(q) = 2*q - 26. Let t = 34 - 23. Let z be w(t). What are the prime factors of 315/6 + 6/z?
3, 17
Suppose 92 + 196952 = 4*z - 5*i, -49239 = -z + 4*i. What are the prime factors of z?
29, 1699
List the prime factors of 27334 - -3 - (-1 - (-7 - -16)).
23, 29, 41
Let g = 65 + -70. What are the prime factors of (-25)/(-5)*(-288)/g?
2, 3
Let h(d) = 16*d**2 + 57*d - 51. What are the prime factors of h(35)?
2, 2693
Suppose 0*r - 4*r + 24488 = 2*y, -r = 2*y - 6119. What are the prime factors of r?
3, 13, 157
Let n(a) be the second derivative of -21*a**3/2 - 28*a**2 - 2*a - 6. What are the prime factors of n(-14)?
2, 7, 59
Suppose -5*k + 2732 = -3*v - 7619, 2066 = k - 2*v. Suppose 2364 = 3*f + 5*t, 5*t - k = -2*f - 491. List the prime factors of f.
3, 29
Let x(g) = g**2 + 19*g + 24. Suppose 0 = 3*a - c + 68, 5*a + c = -40 - 76. What are the prime factors of x(a)?
2, 29
Let m = 50251 + -20168. What are the prime factors of m?
67, 449
Let i(m) = 5*m**3 - 13*m**2 - 24*m + 34. Let u(c) = 11*c**3 - 26*c**2 - 50*c + 69. Let j(q) = 13*i(q) - 6*u(q). List the prime factors of j(-13).
2, 23
Suppose 2*g - 12 = -g, 2*t - 32 = -5*g. What are the prime factors of (-9)/t*546/(-7)?
3, 13
Let f be (-8)/32 + (-5749)/(-4). What are the prime factors of f/(-9)*-2*(-18)/(-12)?
479
Suppose 0 = 59*f - 212896 - 30361. List the prime factors of f.
7, 19, 31
Suppose 4*m + 58 = 86. Let c(w) = 137*w + 32. What are the prime factors of c(m)?
991
What are the prime factors of (49 - -14 - -11)*2915/10?
11, 37, 53
Suppose -2*j - 29 + 15258 = 5*z, 5*j = -2*z + 6079. List the prime factors of z.
11, 277
Let x(b) = -7*b**3 - b**2 + 21*b + 4. Let f be x(-6). Let v be 1/1*1/2*f. Suppose 3*w + 92 = v. List the prime factors of w.
3, 5, 13
Let a = 42574 - 29068. What are the prime factors of a?
2, 3, 2251
Suppose 3*o - 114238 = -2*t - 22512, 30542 = o - 6*t. List the prime factors of o.
2, 7643
Let s = -12101 + 37962. What are the prime factors of s?
11, 2351
Suppose 23*c - 305659 + 131275 = 452182. List the prime factors of c.
2, 53, 257
Suppose 28*q + 56 = 14*q. Let d = 403 + q. What are the prime factors of d?
3, 7, 19
Suppose -6*s - 5*y + 5086 = -3*s, 0 = 5*s + y - 8462. List the prime factors of s.
2, 3, 47
Let m(p) = 89*p + 303. List the prime factors of m(6).
3, 31
Let c(h) be the first derivative of h**2/2 - 8*h + 17. Let g be c(12). Suppose -3*p - 4*s = -p - 248, g*p = -5*s + 484. What are the prime factors of p?
2, 29
Let a(d) be the first derivative of 5*d**3 - 3*d**2/2 + 34*d + 305. What are the prime factors of a(9)?
2, 13, 47
What are the prime factors of (-67)/(871/(-208806)) + (1 - -3)?
2, 29, 277
Let n be 451/(-22) + (-3)/(-2). Let g(u) = -u**3 - 18*u**2 + 15*u - 2. Let d be g(n). Let l = d + -39. List the prime factors of l.
5, 7
Let v(t) = -9517*t**3 - 7*t**2 - 34*t - 27. List the prime factors of v(-1).
31, 307
Suppose 2*q - 1 + 3 = 3*z, 2 = 5*z - 2*q. Suppose 6*s - 841 + 277 = z. What are the prime factors of s?
2, 47
Suppose -1006 = 5*t - 4*t. Let u = -686 - t. What are the prime factors of u?
2, 5
Suppose -671 = -2*d - 167. Suppose -243 = -11*y + d. What are the prime factors of y?
3, 5
Let w(z) = 316*z + 34. Let a be w(7). Suppose 5*m - y + 503 = a, -5*m + 1737 = y. List the prime factors of m.
2, 3, 29
Let a(b) = b**3 - 16*b**2 + 33*b - 75. Suppose -4*j